e prime factors of 13804875?
3, 5, 7, 1753
List the prime factors of 1660659.
3, 7, 11, 13, 79
What are the prime factors of 33546?
2, 3, 5591
What are the prime factors of 1816475?
5, 113, 643
What are the prime factors of 4485?
3, 5, 13, 23
What are the prime factors of 594606?
2, 3, 113, 877
List the prime factors of 11682887.
11682887
List the prime factors of 2992391.
17, 176023
List the prime factors of 3220845.
3, 5, 214723
What are the prime factors of 17817274?
2, 8908637
What are the prime factors of 2133974?
2, 1066987
What are the prime factors of 96148?
2, 13, 43
What are the prime factors of 12198732?
2, 3, 7, 13, 11171
List the prime factors of 161188.
2, 59, 683
What are the prime factors of 672333?
3, 17, 13183
What are the prime factors of 7628021?
7628021
List the prime factors of 173244.
2, 3, 14437
List the prime factors of 120100.
2, 5, 1201
List the prime factors of 146699.
7, 19, 1103
List the prime factors of 2797677.
3, 137, 2269
List the prime factors of 2710211.
7, 387173
What are the prime factors of 2005871?
7, 286553
List the prime factors of 5616232.
2, 23, 131, 233
What are the prime factors of 10499851?
10499851
List the prime factors of 312674.
2, 127, 1231
List the prime factors of 13604904.
2, 3, 188957
What are the prime factors of 6427780?
2, 5, 557, 577
List the prime factors of 156110.
2, 5, 67, 233
List the prime factors of 5509695.
3, 5, 367313
What are the prime factors of 806389?
806389
What are the prime factors of 579025?
5, 19, 23, 53
List the prime factors of 1908638.
2, 954319
What are the prime factors of 361687?
361687
What are the prime factors of 3268660?
2, 5, 163433
What are the prime factors of 6429982?
2, 13, 223, 1109
List the prime factors of 1302510.
2, 3, 5, 11, 3947
What are the prime factors of 19326408?
2, 3, 805267
What are the prime factors of 11775214?
2, 11, 535237
List the prime factors of 200192.
2, 17, 23
What are the prime factors of 9161015?
5, 23, 37, 2153
What are the prime factors of 673508?
2, 11, 15307
What are the prime factors of 2100705?
3, 5, 23, 6089
List the prime factors of 397212.
2, 3, 79, 419
List the prime factors of 608955.
3, 5, 40597
List the prime factors of 5902194.
2, 3, 983699
What are the prime factors of 772533?
3, 85837
List the prime factors of 459309.
3, 283, 541
List the prime factors of 1788716.
2, 447179
What are the prime factors of 1475433?
3, 29, 5653
List the prime factors of 8966505.
3, 5, 597767
What are the prime factors of 17921350?
2, 5, 358427
List the prime factors of 11125106.
2, 17, 327209
List the prime factors of 1967528.
2, 245941
What are the prime factors of 4720361?
4720361
What are the prime factors of 3879525?
3, 5, 13, 23, 173
What are the prime factors of 57015?
3, 5, 7, 181
What are the prime factors of 249654?
2, 3, 41609
What are the prime factors of 277605?
3, 5, 31, 199
List the prime factors of 215011.
127, 1693
What are the prime factors of 847466?
2, 491, 863
What are the prime factors of 413350?
2, 5, 7, 1181
List the prime factors of 573516.
2, 3, 89, 179
List the prime factors of 17748919.
2297, 7727
What are the prime factors of 6322152?
2, 3, 263423
What are the prime factors of 10932827?
10932827
What are the prime factors of 134253?
3, 7, 2131
What are the prime factors of 2712215?
5, 11, 4483
List the prime factors of 345156.
2, 3, 7, 587
List the prime factors of 29143135.
5, 7, 467, 1783
What are the prime factors of 485217?
3, 17971
What are the prime factors of 46854?
2, 3, 19, 137
What are the prime factors of 61113?
3, 13, 1567
What are the prime factors of 531199?
17, 31247
What are the prime factors of 5072900?
2, 5, 7, 7247
List the prime factors of 1098945.
3, 5, 24421
List the prime factors of 818582.
2, 409291
List the prime factors of 3570486.
2, 3, 595081
What are the prime factors of 2456572?
2, 614143
List the prime factors of 10960473.
3, 19, 37, 5197
List the prime factors of 8051481.
3, 99401
List the prime factors of 175805.
5, 7, 5023
What are the prime factors of 6613096?
2, 7, 269, 439
List the prime factors of 636866.
2, 359, 887
What are the prime factors of 348191?
348191
List the prime factors of 406805.
5, 7, 59, 197
What are the prime factors of 5667270?
2, 3, 5, 7, 26987
What are the prime factors of 2431658?
2, 19, 89, 719
What are the prime factors of 367171?
7, 52453
List the prime factors of 829097.
829097
List the prime factors of 2616669.
3, 11, 26431
List the prime factors of 373453.
373453
List the prime factors of 931313.
931313
What are the prime factors of 179655?
3, 5, 7, 29, 59
What are the prime factors of 5464636?
2, 1366159
What are the prime factors of 39926?
2, 19963
List the prime factors of 8032.
2, 251
What are the prime factors of 42982?
2, 21491
List the prime factors of 130224.
2, 3, 2713
List the prime factors of 279005.
5, 41, 1361
List the prime factors of 861905.
5, 11, 15671
What are the prime factors of 792500?
2, 5, 317
What are the prime factors of 3618206?
2, 89, 20327
List the prime factors of 1057247.
17, 62191
What are the prime factors of 64548?
2, 3, 11, 163
What are the prime factors of 2811388?
2, 702847
What are the prime factors of 542146?
2, 11, 19, 1297
List the prime factors of 3855832.
2, 79, 6101
List the prime factors of 980233.
467, 2099
What are the prime factors of 4928949?
3, 547661
List the prime factors of 227871.
3, 7, 3617
List the prime factors of 947146.
2, 139, 3407
List the prime factors of 26838652.
2, 6709663
What are the prime factors of 506115?
3, 5, 23, 163
List the prime factors of 1336259.
733, 1823
List the prime factors of 2047396.
2, 13, 39373
List the prime factors of 23433524.
2, 1129, 5189
List the prime factors of 1609498.
2, 11, 149, 491
List the prime factors of 5100896.
2, 159403
List the prime factors of 706157.
706157
List the prime factors of 6476762.
2, 17, 71, 2683
What are the prime factors of 414578?
2, 97, 2137
What are the prime factors of 16176510?
2, 3, 5, 7, 317
What are the prime factors of 10731204?
2, 3, 11, 3011
List the prime factors of 1325089.
1325089
List the prime factors of 10853129.
7, 67, 73, 317
List the prime factors of 362959.
83, 4373
What are the prime factors of 231632?
2, 31, 467
What are the prime factors of 84615?
3, 5, 5641
What are the prime factors of 915173?
7, 19, 983
What are the prime factors of 6660264?
2, 3, 13, 21347
List the prime factors of 101715.
3, 5, 6781
What are the prime factors of 11035752?
2, 3, 7, 13, 31, 163
List the prime factors of 2310900.
2, 3, 5, 7703
List the prime factors of 833304.
2, 3, 34721
What are the prime factors of 14342284?
2, 11, 71, 4591
List the prime factors of 246876.
2, 3, 7, 2939
What are the prime factors of 1329926?
2, 13, 51151
List the prime factors of 17987113.
17987113
What are the prime factors of 15807?
3, 11, 479
What are the prime factors of 6207468?
2, 3, 517289
List the prime factors of 4255482.
2, 3, 7, 11, 61, 151
List the prime factors of 1799640.
2, 3, 5, 4999
What are the prime factors of 9470899?
491, 19289
List the prime factors of 618966.
2, 3, 137, 251
List the prime factors of 3029613.
3, 41, 24631
What are the prime factors of 284861?
127, 2243
List the prime factors of 7709617.
7709617
What are the prime factors of 619943?
61, 10163
List the prime factors of 385878.
2, 3, 73, 881
What are the prime factors of 22150?
2, 5, 443
List the prime factors of 80436.
2, 3, 6703
What are the prime factors of 289528?
2, 36191
List the prime factors of 4732549.
23, 205763
What are the prime factors of 14781853?
41, 347, 1039
What are the prime factors of 229226?
2, 114613
What are the prime factors of 38567?
38567
List the prime factors of 77722.
2, 38861
What are the prime factors of 12770279?
307, 41597
List the prime factors of 267780.
2, 3, 5, 4463
List the prime factors of 562337.
562337
List the prime factors of 18740756.
2, 4685189
List the prime factors of 23150830.
2, 5, 127, 18229
What are the prime factors of 9211018?
2, 4605509
List the prime factors of 23744732.
2, 11, 539653
List the prime factors of 3872751.
3, 19, 67943
What are the prime factors of 92562?
2, 3, 15427
What are the prime factors of 102730?
2, 5, 10273
List the prime factors of 977621.
109, 8969
List the prime factors of 